*y + 17. Calculate l(14).
-193
Let t(x) = -10*x**2 - 94*x - 9. Calculate t(-8).
103
Let s(v) = -15*v - 1769. Determine s(-107).
-164
Let y(x) = -x**3 + 104*x**2 - 381*x + 1. What is y(4)?
77
Let j(s) = -s**3 - 17*s**2 - 18*s. Give j(0).
0
Let q(g) = 2817*g - 14064. Give q(5).
21
Let k(q) = q**3 + 9*q**2 - 7*q - 68. Give k(-6).
82
Let p(s) = -2*s**2 + 66*s + 115. Calculate p(34).
47
Let s(r) = 29*r - 530. Give s(6).
-356
Let c(i) = -119*i + 1661. Give c(14).
-5
Let q(k) = -12*k**2 + 92*k + 11. Determine q(8).
-21
Let t(b) = -b**2 - 19*b + 238. Calculate t(-28).
-14
Let d(r) = 28*r - 19. Determine d(3).
65
Let i(z) = z**2 + 5. What is i(-2)?
9
Let m(j) = -104*j - 186. Give m(-2).
22
Let k(g) = -39*g**3 - 10*g**2 + 13*g + 8. What is k(2)?
-318
Let f(y) = 9*y**2 - 6*y - 149. Give f(5).
46
Let t(x) = 5*x**2 + 102*x + 323. Calculate t(-4).
-5
Let k(d) = d**2 - 18*d + 92. What is k(13)?
27
Let o(u) = u**3 - 58*u**2 - 119*u - 178. Give o(60).
-118
Let p(f) = -133*f + 2162. Give p(19).
-365
Let a(v) = -3*v**3 + 125*v**2 + 378*v - 3. Calculate a(-3).
69
Let z(s) = -5*s**3 - 156*s**2 + 125*s - 89. Calculate z(-32).
7
Let u(i) = 2*i**3 - 8*i**2 - 24*i + 56. What is u(5)?
-14
Let u(q) = -q**2 - 86*q - 491. Determine u(-6).
-11
Let r(b) = b**2 - 2*b - 1223. What is r(-34)?
1
Let c(d) = 10*d**2 - 336*d + 23. Give c(33).
-175
Let w(d) = 3*d**3 - 127*d**2 - 86*d - 5. Give w(43).
-5
Let d(v) = -176*v - 891. Give d(-6).
165
Let x(z) = 14*z**2 + 541*z - 193. Calculate x(-39).
2
Let u(f) = f**2 + 35*f - 25. Give u(-16).
-329
Let o(g) = -849*g - 17774. Determine o(-21).
55
Let i(p) = -p**3 + 3*p**2 + 325*p + 294. Calculate i(20).
-6
Let a(h) = -32*h + 12. Calculate a(1).
-20
Let o(l) = -l**3 - 55*l**2 - 372*l + 101. Give o(-47).
-87
Let z(j) = j**2 - 561*j + 3349. Determine z(6).
19
Let d(g) = 39*g**3 + 5*g + 5. Give d(-1).
-39
Let l(j) = -j**3 - 8*j**2 - 11*j - 49. What is l(-6)?
-55
Let y(w) = -w**3 + 5*w**2 + 25*w + 10. Determine y(8).
18
Let q(j) = j**3 + 14*j**2 - 41*j - 6. What is q(-16)?
138
Let q(h) = -110*h - 592. Calculate q(-5).
-42
Let q(j) = -21*j**2 + 334*j + 26. Determine q(16).
-6
Let p(k) = 2682*k - 144826. Give p(54).
2
Let q(r) = -63*r + 3966. What is q(63)?
-3
Let f(t) = -30*t**2 + 8*t + 20. Calculate f(4).
-428
Let a(k) = 3*k**3 + 27*k**2 + 41*k - 2. Give a(-5).
93
Let o(i) = i**3 + 47*i**2 - 97*i + 79. Calculate o(-49).
30
Let d(s) = -s**3 + 6*s**2 - 10*s + 29. What is d(7)?
-90
Let v(b) = b**3 - 5*b**2 - 42*b + 190. Calculate v(4).
6
Let r(c) = -3*c**2 + 16*c + 60. Calculate r(-7).
-199
Let q(a) = -60*a - 867. Calculate q(-13).
-87
Let u(n) = 3*n + 98. Give u(-53).
-61
Let s(i) = -4*i**2 + 6*i + 16. What is s(3)?
-2
Let c(a) = a**2 - 39*a - 959. Calculate c(-17).
-7
Let g(a) = 48*a - 86. Give g(-13).
-710
Let v(u) = -u**3 + 15*u**2 - 285*u + 3723. What is v(14)?
-71
Let g(s) = 26*s**2 + 3*s - 3. Calculate g(2).
107
Let q(w) = 3*w**3 - 108*w**2 + 106*w - 32. Determine q(35).
3
Let b(w) = w**2 - 50*w + 612. What is b(24)?
-12
Let w(l) = 11*l**2 - 39*l - 234. Determine w(7).
32
Let y(m) = -1843*m - 51604. Determine y(-28).
0
Let x(m) = -10*m**3 + 32*m**2 + 12*m + 4. Calculate x(5).
-386
Let g(t) = -37*t - 386. What is g(-14)?
132
Let f(d) = 47*d**2 - 1231*d + 277. What is f(26)?
43
Let f(b) = -b**3 - 17*b**2 - 56*b - 67. Give f(-13).
-15
Let q(m) = m**3 - 19*m**2 - 3*m + 30. Determine q(19).
-27
Let h(q) = -251*q + 17. Give h(-1).
268
Let m(s) = s**3 - 25*s**2 + 148*s + 45. Calculate m(15).
15
Let o(q) = -13*q - 1350. Give o(-98).
-76
Let l(s) = -185*s - 925. Calculate l(-5).
0
Let d(r) = -15*r**2 + 89*r + 6. What is d(6)?
0
Let t(n) = n**3 - n**2 - 20*n + 4. Give t(-4).
4
Let a(d) = -4*d**2 + 4*d - 29. Give a(8).
-253
Let k(j) = -j**2 - 7*j + 1411. What is k(-40)?
91
Let s(p) = -8*p - 69. Calculate s(-16).
59
Let t(m) = 4*m**2 - 33*m - 14. What is t(7)?
-49
Let w(h) = -42*h**3 - 71*h**2 + 14*h + 13. Determine w(-2).
37
Let z(l) = l**2 - 173*l + 7321. Calculate z(101).
49
Let w(k) = 6*k + 154. Determine w(-24).
10
Let o(b) = -79*b - 5606. Determine o(-71).
3
Let i(v) = -v**3 - v**2 + 35*v + 37. Give i(-6).
7
Let b(c) = -c**2 + 431*c - 2953. Determine b(7).
15
Let s(x) = -x**3 - 126*x**2 + 122*x - 612. Determine s(-127).
23
Let b(g) = 36*g + 243. Determine b(-4).
99
Let t(x) = x**2 - 90*x + 1666. Give t(25).
41
Let v(u) = 47*u**2 + 422*u - 27. What is v(-9)?
-18
Let t(s) = -2361*s - 16543. Calculate t(-7).
-16
Let i(d) = 324*d + 2272. What is i(-7)?
4
Let d(a) = -33*a - 678. What is d(-21)?
15
Let a(w) = w**3 + 18*w**2 + 8*w - 45. What is a(-17)?
108
Let j(b) = 3*b**3 - 8*b**2 + 5*b + 12. Determine j(-1).
-4
Let x(g) = g**3 - 26*g + 54. Calculate x(3).
3
Let b(y) = -142*y - 1432. What is b(-10)?
-12
Let v(n) = -311*n**3 + 10*n**2 + 15*n + 5. Give v(-1).
311
Let d(t) = -t**3 - 11*t**2 - t + 94. Determine d(-9).
-59
Let c(d) = -8*d**2 + 29*d + 88. Give c(6).
-26
Let y(m) = -71*m + 1243. Calculate y(26).
-603
Let a(i) = -3*i**3 - 5*i**2 + 6. Determine a(-2).
10
Let h(u) = u**3 - 10*u**2 + 24*u - 134. Calculate h(9).
1
Let l(v) = v**3 - 23*v**2 - 30*v + 161. Give l(24).
17
Let s(k) = 11*k + 53. Determine s(-6).
-13
Let z(s) = 33*s + 1301. Give z(-39).
14
Let c(v) = v**3 + 5*v**2 - 1. What is c(0)?
-1
Let g(a) = a**2 - 1036*a - 15784. Give g(-15).
-19
Let t(u) = 468*u + 1392. What is t(-3)?
-12
Let q(h) = -32*h**2 - 1232*h - 578. What is q(-38)?
30
Let y(r) = -r**3 - 44*r**2 + 136*r - 243. Calculate y(-47).
-8
Let p(o) = 60*o - 71. Give p(1).
-11
Let z(v) = 2*v**3 - 19*v**2 - 7*v + 1. What is z(6)?
-293
Let v(l) = -2*l**2 + 66*l - 75. Give v(33).
-75
Let m(x) = -24*x**3 - 24*x**2 + 2*x + 1. Calculate m(-1).
-1
Let u(c) = 78*c**2 - 1948*c - 41. Determine u(25).
9
Let l(g) = 575*g + 3. What is l(0)?
3
Let a(v) = -2328*v + 16248. What is a(7)?
-48
Let f(w) = -w**3 - 6*w**2 + 3*w - 27. What is f(-8)?
77
Let s(w) = 7*w + 30. What is s(8)?
86
Let d(o) = 131*o**2 + 84*o - 44. Determine d(-1).
3
Let j(m) = m**3 - 4*m**2 - 27*m + 3. Calculate j(-6).
-195
Let h(v) = 50*v + 444. Determine h(-24).
-756
Let y(o) = 4*o**2 - 498*o + 709. Determine y(123).
-29
Let i(u) = -u**3 + 89*u**2 - 854*u - 299. Give i(78).
13
Let k(l) = 8578*l + 25734. Determine k(-3).
0
Let x(l) = l**2 + 2484*l - 9946. What is x(4)?
6
Let h(j) = -16*j**2 - 187*j - 472. What is h(-8)?
0
Let z(w) = -110*w + 1. Determine z(-2).
221
Let b(h) = -17*h - 32. Determine b(5).
-117
Let s(l) = 490*l - 492. Calculate s(1).
-2
Let o(z) = -6*z**2 + 50*z - 17. Give o(9).
-53
Let v(i) = -42*i + 1140. What is v(27)?
6
Let q(i) = -i**3 - 8*i**2 - 28. Give q(-8).
-28
Let p(y) = y**2 + 111*y - 12657. Calculate p(-181).
13
Let v(u) = -9*u**3 + 48*u**2 - 17*u - 2. Give v(5).
-12
Let s(m) = -23*m**2 + 76*m - 21. Determine s(3).
0
Let k(j) = 20*j - 400. Calculate k(34).
280
Let h(d) = 2*d**2 + 68*d + 90. Calculate h(-32).
-38
Let t(w) = w**3 - 16*w**2 - 6*w - 8. Determine t(16).
-104
Let n(f) = -f**3 + 12*f**2 + 13*f + 27. Give n(13).
27
Let s(y) = -113*y**3 - 1015*y**2 + 20*y + 22. What is s(-9)?
4
Let q(g) = -g**3 - 8*g**2 + 2*g + 10. Determine q(-8).
-6
Let a(l) = -110*l - 67. Determine a(-4).
373
Let u(n) = 3*n**2 - 15*n + 19. Determine u(9).
127
Let x(o) = o**3 + 11*o**2 + 34*o - 11. Give x(-6).
-35
Let j(f) = -f**3 - 21*f**2 - 20*f + 5. What is j(-20)?
5
Let u(v) = -4*v - 136. Give u(-45).
44
Let d(q) = 2*q**3 - 112*q**2 + 4*q - 245. Calculate d(56).
-21
Let a(y) = -21*y**3 - 126*y**2 - 6*y - 14. Give a(-6).
22
Let g(t) = 33*t + 7489. Determine g(-227).
-2
Let d(q) = -q**3 + 7*q**2 - 6*q + 18. What is d(7)?
-24
Let c(w) = -w**2 - 35*w + 162. What is c(-32)?
258
Let c(v) = -14*v - 41. What is c(3)?
-83
Let i(j) = -3*j**3 - 2*j**2 + 13*j + 2. Determine i(-4).
110
Let n(u) = -739*u - 8145. Determine n(-11).
-16
Let d(c) = c**3 - 25*c**2 - 398*c + 17. Determine d(36).
-55
Let z(u) = 34*u - 195. Calculate z(18).
417
Let w(i) = 26*i + 501. Give w(-21).
-45
Let f(l) = -2*l**3 + 52*l**2 + 11*l - 285. Determine f(26).
1
Let v(w) = 10*w + 340. Determine v(-30).
40
Let f(x) = x**2 - 100*x + 1183. What is f(86)?
-21
Let m(n) = 18*n**2 + 3*n - 20. Determine m(0).
-20
Let g(z) = z**2 + 63*z - 1666. Give g(20).
-6
Let l(h) = -h**3 + 14*h**2 + 858*h + 185. Determine l(-23).
24
Let m(q) = -382*q - 3834. Give m(-10).
-14
L